{"id":93,"date":"2013-03-06T12:52:15","date_gmt":"2013-03-06T12:52:15","guid":{"rendered":"https:\/\/www.albertcirera.com\/?page_id=93"},"modified":"2025-10-19T11:30:55","modified_gmt":"2025-10-19T11:30:55","slug":"tres-tambors","status":"publish","type":"page","link":"https:\/\/www.albertcirera.com\/?page_id=93","title":{"rendered":"Albert Cirera &#038; Tres Tambors"},"content":{"rendered":"\n<h5 class=\"wp-block-heading\"><figure><a href=\"https:\/\/underpool.bandcamp.com\/album\/orangina\"><img loading=\"lazy\" decoding=\"async\" class=\"wp-image-15456 alignleft\" src=\"https:\/\/www.albertcirera.com\/wp-content\/uploads\/PortadaDigital_Orangina-1-300x300.jpg\" alt=\"\" width=\"357\" height=\"357\" srcset=\"https:\/\/www.albertcirera.com\/wp-content\/uploads\/PortadaDigital_Orangina-1-300x300.jpg 300w, https:\/\/www.albertcirera.com\/wp-content\/uploads\/PortadaDigital_Orangina-1-1024x1024.jpg 1024w, https:\/\/www.albertcirera.com\/wp-content\/uploads\/PortadaDigital_Orangina-1-150x150.jpg 150w, https:\/\/www.albertcirera.com\/wp-content\/uploads\/PortadaDigital_Orangina-1-768x768.jpg 768w, https:\/\/www.albertcirera.com\/wp-content\/uploads\/PortadaDigital_Orangina-1-1536x1536.jpg 1536w, https:\/\/www.albertcirera.com\/wp-content\/uploads\/PortadaDigital_Orangina-1-2048x2048.jpg 2048w\" sizes=\"auto, (max-width: 357px) 100vw, 357px\" \/><\/a><\/figure><\/h5>\n\n\n\n<h4 class=\"wp-block-heading\">Albert Cirera&#8212;&#8212;&#8212;Saxo Tenor i Composicions<br>\nMarco Mezquida&#8212;&#8211;Piano<br>\nMarko Lohikari&#8212;&#8212;Contrabaix i veu<br>\nOscar Domenech&#8212;-Batera<\/h4>\n\n\n\n<h4 class=\"wp-block-heading has-text-align-left\">CAT \/\/ Orangina \u00e9s el t\u00edtol del tercer disc d\u2019Albert Cirera &amp; Tres Tambors, un projecte consolidat despr\u00e9s de m\u00e9s de deu anys detraject\u00f2ria, en els quals aquest quartet ha  un llenguatge propi que explora, sense complexes, els marges del jazz contemporani.<br> <span style=\"color: #000000; font-size: 1em;\">\u00a0 \u00a0 \u00a0Les composicions que formen part d\u2019Orangina sorgeixen de la improvisaci\u00f3 i es desenvolupen a trav\u00e9s de diferents jocs compositius, unes eines que aporten a Cirera la llibertat d\u2019experimentar i de conduir la seva m\u00fasica cap a nous espais que van m\u00e9s enll\u00e0 del convencional.<\/span><br><span style=\"color: #000000; font-size: 1em;\">     El bateria \u00d2scar Domenech, el contrabaixista Marco Lohikari i el pianista Marco Mezquida acompanyen Albert Cirera en aquest projecte. Plegats teixeixen les complicitats necess\u00e0ries per interpretar les dotze composicions d\u2019Orangina, un pretext per crear junts una m\u00fasica viva, que evoluciona en cada directe a la recerca de noves textures i nous timbres. Una actitud que defineix la personalitat musical d\u2019Albert Cirera.<\/span><\/h4>\n\n\n\n<h4 class=\"wp-block-heading\"><span style=\"color: #000000; font-size: 1em;\">ESP \/\/ Orangina es el t\u00edtulo del tercer disco de Albert Cirera &amp; Tres Tambors, un proyecto consolidado despu\u00e9s de m\u00e1s de diez a\u00f1os de trayectoria, en los que este cuarteto ha desarrollado un lenguaje propio que explora, sin complejos, los m\u00e1rgenes del jazz contempor\u00e1neo.<br>     <\/span><span style=\"color: #000000; font-size: 1em;\">Las composiciones que forman parte de <\/span><em style=\"font-size: 1em;\" data-start=\"314\" data-end=\"324\">Orangina<\/em><span style=\"color: #000000; font-size: 1em;\"> surgen de la improvisaci\u00f3n y se desarrollan a trav\u00e9s de diferentes juegos compositivos, herramientas que le proporcionan a Cirera la libertad de experimentar y de conducir su m\u00fasica hacia nuevos espacios que van m\u00e1s all\u00e1 de lo convencional.<br>     <\/span><span style=\"color: #000000; font-size: 1em;\">El baterista \u00d2scar Domenech, el contrabajista Marco Lohikari y el pianista Marco Mezquida acompa\u00f1an a Albert Cirera en este proyecto. Juntos tejen las complicidades necesarias para interpretar las doce composiciones de <\/span><em style=\"font-size: 1em;\" data-start=\"804\" data-end=\"814\">Orangina<\/em><span style=\"color: #000000; font-size: 1em;\">, un pretexto para crear una m\u00fasica viva, que evoluciona en cada directo en busca de nuevas texturas y nuevos timbres. Una actitud que define la personalidad musical de Albert Cirera<\/span><\/h4>\n\n\n\n<p class=\"has-text-align-left\">Reviews<br>\nORANGINA, Underpool<br>\n\u00ab<a href=\"https:\/\/daily.bandcamp.com\/best-jazz\/the-best-jazz-on-bandcamp-september-2025\" target=\"_blank\" rel=\"noopener\">&#8230;There\u2019s plenty of edge to the latest from&nbsp;Albert Cirera&nbsp;and the&nbsp;Tres Tambors quartet. There\u2019s also plenty of heat&#8230;<\/a>\u00ab<br>\n<em>(Dave Summer on Bandcamp Daily)<\/em><\/p>\n\n\n\n<p><a href=\"https:\/\/www.patreon.com\/posts\/arrebato-y-de-138642742\" target=\"_blank\" rel=\"noopener\">\u00ab&#8230;Es eso, y la expresividad de los cuatro, la virtuosa y alegre flexibilidad, la implicaci\u00f3n con la que tocan, lo que hace de esta una m\u00fasica muy viva&#8230;\u00bb<\/a><br>\n<em>(Carlos Perez Cruz en El Club de Jazz)<\/em><\/p>\n\n\n\n<p>\u00ab<a href=\"https:\/\/www.b-ritmos.com\/albert-cirera-tres-tambors\/\" target=\"_blank\" rel=\"noopener\">&#8230;un jazz que bebe de diferentes fuentes, pero sobre todo de esa b\u00fasqueda incansable de conseguir que la m\u00fasica te atrape en sus redes y no te permita hacer otra cosa m\u00e1s que estar por ella. Sin concesiones&#8230;<\/a><em>\u00ab<\/em><br> <em>(Candido Querol, B-Ritmos, ESP)<\/em><\/p>\n\n\n\n<p><em><\/em><a href=\"https:\/\/tomajazz.com\/web\/albert-cirera-tres-tambors-orangina-2025\/\" target=\"_blank\" rel=\"noopener\">\u00ab&#8230;los temas. Cuentan con tal riqueza e intensidad, que siempre se encuentran nuevas capas, matices y sugerentes conclusiones&#8230;\u00bb<\/a><br>\n(Carlos Lara en Tomajazz<em>)<\/em><\/p>\n\n\n\n<p>&nbsp;<\/p>\n\n\n\n<p><a href=\"https:\/\/youtu.be\/6I6GFPR2yMo?si=zBNULbpvXUL7pjdv\">https:\/\/www.youtube.com\/watch?v=0s2HBtxLUKA<\/a><br>\n(video by Marc Vila)<\/p>\n\n\n\n<p>Discografia:<br>\n<a href=\"http:\/\/www.freshsoundrecords.com\/albert-cirera-albums\/5735-els-encants.html\" target=\"_blank\" rel=\"noopener\">\u201cEls Encants\u201d Fresh Sound New Talent, 2012<\/a><br>\n<a href=\"http:\/\/www.underpool.org\/suitesalada\" target=\"_blank\" rel=\"noopener\">\u00abSuite Salada\u00bb Underpool, 2017<\/a><\/p>\n","protected":false},"excerpt":{"rendered":"<p>Albert Cirera&#8212;&#8212;&#8212;Saxo Tenor i Composicions Marco Mezquida&#8212;&#8211;Piano Marko Lohikari&#8212;&#8212;Contrabaix i veu Oscar Domenech&#8212;-Batera CAT \/\/ Orangina \u00e9s el t\u00edtol del tercer disc d\u2019Albert Cirera &amp; Tres Tambors, un projecte consolidat despr\u00e9s de m\u00e9s de deu anys detraject\u00f2ria, en els quals &hellip; <a href=\"https:\/\/www.albertcirera.com\/?page_id=93\">Sigue leyendo <span class=\"meta-nav\">&rarr;<\/span><\/a><\/p>\n","protected":false},"author":1,"featured_media":0,"parent":51,"menu_order":1,"comment_status":"closed","ping_status":"closed","template":"","meta":{"footnotes":""},"class_list":["post-93","page","type-page","status-publish","hentry"],"_links":{"self":[{"href":"https:\/\/www.albertcirera.com\/index.php?rest_route=\/wp\/v2\/pages\/93","targetHints":{"allow":["GET"]}}],"collection":[{"href":"https:\/\/www.albertcirera.com\/index.php?rest_route=\/wp\/v2\/pages"}],"about":[{"href":"https:\/\/www.albertcirera.com\/index.php?rest_route=\/wp\/v2\/types\/page"}],"author":[{"embeddable":true,"href":"https:\/\/www.albertcirera.com\/index.php?rest_route=\/wp\/v2\/users\/1"}],"replies":[{"embeddable":true,"href":"https:\/\/www.albertcirera.com\/index.php?rest_route=%2Fwp%2Fv2%2Fcomments&post=93"}],"version-history":[{"count":36,"href":"https:\/\/www.albertcirera.com\/index.php?rest_route=\/wp\/v2\/pages\/93\/revisions"}],"predecessor-version":[{"id":15496,"href":"https:\/\/www.albertcirera.com\/index.php?rest_route=\/wp\/v2\/pages\/93\/revisions\/15496"}],"up":[{"embeddable":true,"href":"https:\/\/www.albertcirera.com\/index.php?rest_route=\/wp\/v2\/pages\/51"}],"wp:attachment":[{"href":"https:\/\/www.albertcirera.com\/index.php?rest_route=%2Fwp%2Fv2%2Fmedia&parent=93"}],"curies":[{"name":"wp","href":"https:\/\/api.w.org\/{rel}","templated":true}]}}

<h5 class="wp-block-heading"><figure><a href="https://underpool.bandcamp.com/album/orangina"><img loading="lazy" decoding="async" class="wp-image-15456 alignleft" src="https://www.albertcirera.com/wp-content/uploads/PortadaDigital_Orangina-1-300x300.jpg" alt="" width="357" height="357" srcset="https://www.albertcirera.com/wp-content/uploads/PortadaDigital_Orangina-1-300x300.jpg 300w, https://www.albertcirera.com/wp-content/uploads/PortadaDigital_Orangina-1-1024x1024.jpg 1024w, https://www.albertcirera.com/wp-content/uploads/PortadaDigital_Orangina-1-150x150.jpg 150w, https://www.albertcirera.com/wp-content/uploads/PortadaDigital_Orangina-1-768x768.jpg 768w, https://www.albertcirera.com/wp-content/uploads/PortadaDigital_Orangina-1-1536x1536.jpg 1536w, https://www.albertcirera.com/wp-content/uploads/PortadaDigital_Orangina-1-2048x2048.jpg 2048w" sizes="auto, (max-width: 357px) 100vw, 357px" /></a></figure></h5>



<h4 class="wp-block-heading">Albert Cirera&#8212;&#8212;&#8212;Saxo Tenor i Composicions<br>
Marco Mezquida&#8212;&#8211;Piano<br>
Marko Lohikari&#8212;&#8212;Contrabaix i veu<br>
Oscar Domenech&#8212;-Batera</h4>



<h4 class="wp-block-heading has-text-align-left">CAT // Orangina és el títol del tercer disc d’Albert Cirera &amp; Tres Tambors, un projecte consolidat després de més de deu anys detrajectòria, en els quals aquest quartet ha  un llenguatge propi que explora, sense complexes, els marges del jazz contemporani.<br> <span style="color: #000000; font-size: 1em;">     Les composicions que formen part d’Orangina sorgeixen de la improvisació i es desenvolupen a través de diferents jocs compositius, unes eines que aporten a Cirera la llibertat d’experimentar i de conduir la seva música cap a nous espais que van més enllà del convencional.</span><br><span style="color: #000000; font-size: 1em;">     El bateria Òscar Domenech, el contrabaixista Marco Lohikari i el pianista Marco Mezquida acompanyen Albert Cirera en aquest projecte. Plegats teixeixen les complicitats necessàries per interpretar les dotze composicions d’Orangina, un pretext per crear junts una música viva, que evoluciona en cada directe a la recerca de noves textures i nous timbres. Una actitud que defineix la personalitat musical d’Albert Cirera.</span></h4>



<h4 class="wp-block-heading"><span style="color: #000000; font-size: 1em;">ESP // Orangina es el título del tercer disco de Albert Cirera &amp; Tres Tambors, un proyecto consolidado después de más de diez años de trayectoria, en los que este cuarteto ha desarrollado un lenguaje propio que explora, sin complejos, los márgenes del jazz contemporáneo.<br>     </span><span style="color: #000000; font-size: 1em;">Las composiciones que forman parte de </span><em style="font-size: 1em;" data-start="314" data-end="324">Orangina</em><span style="color: #000000; font-size: 1em;"> surgen de la improvisación y se desarrollan a través de diferentes juegos compositivos, herramientas que le proporcionan a Cirera la libertad de experimentar y de conducir su música hacia nuevos espacios que van más allá de lo convencional.<br>     </span><span style="color: #000000; font-size: 1em;">El baterista Òscar Domenech, el contrabajista Marco Lohikari y el pianista Marco Mezquida acompañan a Albert Cirera en este proyecto. Juntos tejen las complicidades necesarias para interpretar las doce composiciones de </span><em style="font-size: 1em;" data-start="804" data-end="814">Orangina</em><span style="color: #000000; font-size: 1em;">, un pretexto para crear una música viva, que evoluciona en cada directo en busca de nuevas texturas y nuevos timbres. Una actitud que define la personalidad musical de Albert Cirera</span></h4>



<p class="has-text-align-left">Reviews<br>
ORANGINA, Underpool<br>
«<a href="https://daily.bandcamp.com/best-jazz/the-best-jazz-on-bandcamp-september-2025" target="_blank" rel="noopener">&#8230;There’s plenty of edge to the latest from&nbsp;Albert Cirera&nbsp;and the&nbsp;Tres Tambors quartet. There’s also plenty of heat&#8230;</a>«<br>
<em>(Dave Summer on Bandcamp Daily)</em></p>



<p><a href="https://www.patreon.com/posts/arrebato-y-de-138642742" target="_blank" rel="noopener">«&#8230;Es eso, y la expresividad de los cuatro, la virtuosa y alegre flexibilidad, la implicación con la que tocan, lo que hace de esta una música muy viva&#8230;»</a><br>
<em>(Carlos Perez Cruz en El Club de Jazz)</em></p>



<p>«<a href="https://www.b-ritmos.com/albert-cirera-tres-tambors/" target="_blank" rel="noopener">&#8230;un jazz que bebe de diferentes fuentes, pero sobre todo de esa búsqueda incansable de conseguir que la música te atrape en sus redes y no te permita hacer otra cosa más que estar por ella. Sin concesiones&#8230;</a><em>«</em><br> <em>(Candido Querol, B-Ritmos, ESP)</em></p>



<p><em></em><a href="https://tomajazz.com/web/albert-cirera-tres-tambors-orangina-2025/" target="_blank" rel="noopener">«&#8230;los temas. Cuentan con tal riqueza e intensidad, que siempre se encuentran nuevas capas, matices y sugerentes conclusiones&#8230;»</a><br>
(Carlos Lara en Tomajazz<em>)</em></p>



<p>&nbsp;</p>



<p><a href="https://youtu.be/6I6GFPR2yMo?si=zBNULbpvXUL7pjdv">https://www.youtube.com/watch?v=0s2HBtxLUKA</a><br>
(video by Marc Vila)</p>



<p>Discografia:<br>
<a href="http://www.freshsoundrecords.com/albert-cirera-albums/5735-els-encants.html" target="_blank" rel="noopener">“Els Encants” Fresh Sound New Talent, 2012</a><br>
<a href="http://www.underpool.org/suitesalada" target="_blank" rel="noopener">«Suite Salada» Underpool, 2017</a></p>

<p>Albert Cirera&#8212;&#8212;&#8212;Saxo Tenor i Composicions Marco Mezquida&#8212;&#8211;Piano Marko Lohikari&#8212;&#8212;Contrabaix i veu Oscar Domenech&#8212;-Batera CAT // Orangina és el títol del tercer disc d’Albert Cirera &amp; Tres Tambors, un projecte consolidat després de més de deu anys detrajectòria, en els quals &hellip; <a href="https://www.albertcirera.com/?page_id=93">Sigue leyendo <span class="meta-nav">&rarr;</span></a></p>
